 divisor of 140 and 180?
20
What is the greatest common factor of 580 and 60?
20
Calculate the highest common factor of 1881 and 198.
99
Calculate the greatest common divisor of 225 and 720.
45
What is the greatest common divisor of 132 and 24?
12
What is the highest common divisor of 15 and 3858?
3
Calculate the greatest common divisor of 51 and 527.
17
What is the greatest common factor of 51 and 153?
51
Calculate the highest common factor of 140 and 965.
5
Calculate the greatest common divisor of 148 and 37.
37
What is the greatest common divisor of 20 and 28?
4
Calculate the highest common factor of 293 and 4.
1
What is the greatest common factor of 869 and 1817?
79
Calculate the highest common factor of 10 and 18.
2
What is the greatest common divisor of 34 and 2873?
17
What is the highest common factor of 61 and 1525?
61
What is the highest common factor of 3139 and 86?
43
What is the greatest common divisor of 212 and 106?
106
Calculate the greatest common divisor of 74 and 12839.
37
What is the greatest common divisor of 4 and 34?
2
What is the greatest common divisor of 406 and 1102?
58
Calculate the highest common divisor of 42 and 11004.
42
What is the greatest common factor of 32 and 44?
4
What is the highest common divisor of 70 and 1610?
70
Calculate the greatest common factor of 63 and 329.
7
What is the greatest common divisor of 355 and 5?
5
What is the greatest common factor of 45 and 16722?
9
Calculate the greatest common divisor of 18 and 414.
18
Calculate the greatest common divisor of 11 and 671.
11
Calculate the highest common divisor of 8 and 32.
8
Calculate the greatest common divisor of 5157 and 108.
27
What is the highest common factor of 3991 and 13?
13
Calculate the highest common factor of 100 and 8500.
100
Calculate the greatest common factor of 53 and 4717.
53
What is the highest common factor of 1100 and 3200?
100
Calculate the highest common factor of 760 and 114.
38
Calculate the highest common factor of 65 and 221.
13
What is the highest common factor of 134 and 4958?
134
What is the highest common factor of 1343 and 17?
17
What is the greatest common factor of 120 and 490?
10
What is the highest common factor of 26 and 5122?
26
What is the greatest common divisor of 44 and 1892?
44
Calculate the greatest common factor of 1792 and 252.
28
What is the highest common divisor of 21 and 2919?
21
Calculate the greatest common factor of 20 and 2780.
20
What is the highest common factor of 30 and 3675?
15
Calculate the greatest common factor of 44 and 8.
4
Calculate the highest common factor of 4854 and 6.
6
Calculate the highest common divisor of 655 and 5.
5
What is the highest common divisor of 134 and 10?
2
What is the highest common divisor of 56 and 1792?
56
What is the greatest common factor of 496 and 868?
124
What is the greatest common factor of 168 and 294?
42
What is the highest common divisor of 62 and 1519?
31
Calculate the greatest common divisor of 38 and 8.
2
What is the highest common divisor of 14 and 14?
14
What is the highest common factor of 12610 and 65?
65
What is the greatest common divisor of 10 and 145?
5
Calculate the greatest common divisor of 4 and 3501.
1
Calculate the greatest common factor of 14 and 6433.
7
Calculate the greatest common divisor of 594 and 44.
22
Calculate the greatest common divisor of 36 and 234.
18
What is the highest common factor of 1250 and 10?
10
What is the greatest common divisor of 10 and 830?
10
What is the greatest common divisor of 812 and 14?
14
What is the greatest common factor of 12732 and 12?
12
Calculate the highest common divisor of 14 and 2247.
7
What is the greatest common factor of 80 and 1620?
20
Calculate the greatest common divisor of 8 and 168.
8
What is the highest common divisor of 18 and 24?
6
Calculate the highest common divisor of 189 and 49.
7
What is the greatest common factor of 21584 and 912?
304
Calculate the greatest common divisor of 370 and 40.
10
Calculate the highest common divisor of 1520 and 95.
95
What is the highest common divisor of 52 and 312?
52
Calculate the greatest common divisor of 233 and 3.
1
What is the highest common factor of 45 and 25?
5
What is the highest common factor of 4 and 4356?
4
What is the greatest common factor of 126 and 8226?
18
Calculate the highest common divisor of 852 and 68.
4
What is the greatest common divisor of 41 and 36736?
41
Calculate the highest common factor of 54 and 1458.
54
Calculate the greatest common factor of 187 and 41.
1
What is the highest common factor of 142 and 1917?
71
Calculate the greatest common divisor of 1360 and 464.
16
Calculate the highest common divisor of 415 and 1743.
83
Calculate the highest common divisor of 1568 and 35.
7
Calculate the greatest common divisor of 200 and 4300.
100
Calculate the highest common factor of 78 and 585.
39
Calculate the greatest common divisor of 14 and 224.
14
Calculate the greatest common factor of 12 and 12.
12
What is the highest common divisor of 2496 and 91?
13
What is the highest common factor of 6 and 318?
6
What is the highest common divisor of 20780 and 20?
20
Calculate the highest common divisor of 3990 and 840.
210
What is the highest common factor of 112 and 1512?
56
What is the greatest common divisor of 1264 and 48?
16
What is the highest common factor of 303 and 3737?
101
Calculate the greatest common factor of 180 and 640.
20
What is the greatest common factor of 8 and 18?
2
What is the greatest common factor of 776 and 1261?
97
Calculate the greatest common divisor of 1628 and 666.
74
Calculate the highest common divisor of 21934 and 22.
22
What is the greatest common divisor of 10904 and 40?
8
What is the highest common factor of 36 and 108?
36
What is the greatest common divisor of 10 and 345?
5
What is the highest common factor of 19 and 209?
19
Calculate the highest common divisor of 65 and 80.
5
Calculate the greatest common factor of 10870 and 10.
10
Calculate the greatest common divisor of 1764 and 468.
36
What is the greatest common factor of 6 and 723?
3
Calculate the highest common factor of 180 and 405.
45
What is the greatest common divisor of 902 and 1394?
82
Calculate the greatest common divisor of 250 and 170.
10
Calculate the greatest common divisor of 475 and 175.
25
What is the highest common factor of 90 and 110?
10
Calculate the greatest common divisor of 76 and 95.
19
What is the greatest common divisor of 160 and 170?
10
Calculate the greatest common divisor of 216 and 8.
8
What is the greatest common factor of 16254 and 86?
86
What is the greatest common factor of 13 and 234?
13
Calculate the highest common divisor of 100 and 75.
25
Calculate the highest common factor of 2025 and 25.
25
Calculate the greatest common divisor of 217 and 21.
7
What is the greatest common factor of 464 and 16?
16
What is the highest common divisor of 143 and 187?
11
What is the highest common divisor of 5681 and 19?
19
Calculate the greatest common factor of 46 and 46.
46
What is the highest common divisor of 290 and 2?
2
Calculate the greatest common factor of 3212 and 55.
11
What is the greatest common divisor of 5735 and 185?
185
Calculate the highest common divisor of 14 and 10.
2
Calculate the greatest common divisor of 1159 and 19.
19
Calculate the highest common factor of 99 and 330.
33
Calculate the highest common factor of 384 and 512.
128
What is the greatest common factor of 448 and 128?
64
What is the greatest common divisor of 783 and 108?
27
What is the highest common factor of 245 and 140?
35
Calculate the greatest common factor of 51495 and 15.
15
Calculate the highest common factor of 19677 and 21.
21
What is the greatest common divisor of 4 and 284?
4
What is the greatest common factor of 68 and 64?
4
Calculate the greatest common divisor of 351 and 6.
3
Calculate the greatest common factor of 2014 and 19.
19
Calculate the greatest common factor of 14141 and 158.
79
What is the greatest common factor of 3875 and 125?
125
Calculate the greatest common divisor of 418 and 76.
38
Calculate the highest common factor of 112 and 80.
16
Calculate the highest common factor of 169 and 13.
13
What is the greatest common factor of 20 and 30460?
20
Calculate the highest common divisor of 2323 and 23